 17 + 252?
269
In base 10, what is 0 + 33?
33
In base 14, what is -1c - 2?
-20
In base 12, what is -144b - -2?
-1449
In base 15, what is 13c + 6?
143
In base 12, what is 3 + b2?
b5
In base 6, what is -3004 + 1?
-3003
In base 10, what is 11 - -41?
52
In base 7, what is 245 + -11?
234
In base 7, what is -4045 - -5?
-4040
In base 4, what is 1320 + 313?
2233
In base 15, what is 7 + 6c?
74
In base 8, what is -4 - -203?
177
In base 12, what is 101 + -3?
ba
In base 5, what is 24 + -13322?
-13243
In base 10, what is -161 - -1?
-160
In base 10, what is -5073 - -3?
-5070
In base 16, what is 2c + 14?
40
In base 2, what is -10010 - -1001001111?
1000111101
In base 6, what is -40 + 13?
-23
In base 3, what is 0 + -12010?
-12010
In base 12, what is 1a - 31?
-13
In base 8, what is 27 + -202?
-153
In base 6, what is 111242 + -2?
111240
In base 10, what is 13 + -1?
12
In base 11, what is -3 + 3a?
37
In base 8, what is 14301 + 2?
14303
In base 15, what is -2 - 2e?
-31
In base 9, what is -43 - 4?
-47
In base 5, what is -42 + -131?
-223
In base 12, what is -a + 156?
148
In base 11, what is 0 + 128?
128
In base 6, what is -454 + 11?
-443
In base 9, what is 0 + 101?
101
In base 8, what is -62 + 3?
-57
In base 3, what is -11012 + 10012?
-1000
In base 10, what is -769 + 2?
-767
In base 9, what is -64 - -14?
-50
In base 7, what is -42 + 214?
142
In base 2, what is -101 + 1101101100?
1101100111
In base 5, what is 0 + 10?
10
In base 3, what is -2211011 - 12?
-2211100
In base 11, what is -4 - 382?
-386
In base 13, what is 473 - 2?
471
In base 10, what is -1056 - 5?
-1061
In base 11, what is -424 + -3?
-427
In base 5, what is 11403 + 0?
11403
In base 10, what is -30 - -8?
-22
In base 4, what is -3332 - -11?
-3321
In base 15, what is -dc + 7?
-d5
In base 8, what is -1 + 51?
50
In base 2, what is -1010111 - -11?
-1010100
In base 16, what is 3 - 6?
-3
In base 16, what is d9 - 21?
b8
In base 4, what is 11 + -10?
1
In base 15, what is -e0 - -2?
-dd
In base 12, what is -64 - 5?
-69
In base 16, what is a - -7?
11
In base 3, what is 11112212 + -10?
11112202
In base 8, what is 13 + 41?
54
In base 3, what is 2021221 - -112?
2022110
In base 2, what is 101 + -111010?
-110101
In base 14, what is 11 + 0?
11
In base 16, what is 217 - 7?
210
In base 16, what is -7 + -20?
-27
In base 7, what is -1 + -3053?
-3054
In base 10, what is -4 - -451?
447
In base 5, what is -3 - 114?
-122
In base 14, what is -4c - -15?
-37
In base 14, what is 92 - 0?
92
In base 13, what is -36 + -7?
-40
In base 7, what is 1 + 406?
410
In base 5, what is 3020 - -2?
3022
In base 3, what is 2101 - 21000?
-11122
In base 8, what is 0 + -63?
-63
In base 6, what is -1 - -11121?
11120
In base 5, what is 4 - -2132?
2141
In base 2, what is 1001 - 1101?
-100
In base 11, what is -82 + 2?
-80
In base 16, what is 5ce + 0?
5ce
In base 10, what is -2 - 164?
-166
In base 3, what is 1011 - -11?
1022
In base 5, what is -114 + 2432?
2313
In base 3, what is 200100 + -12?
200011
In base 15, what is e + 13?
22
In base 13, what is -113 + -25?
-138
In base 11, what is -8706 + 4?
-8702
In base 2, what is 1110111000 - 0?
1110111000
In base 15, what is -b6 + -2?
-b8
In base 16, what is 0 - -8a?
8a
In base 5, what is -4 + 4341?
4332
In base 10, what is -84 - -2?
-82
In base 16, what is 1e - -b?
29
In base 7, what is 20 - 5?
12
In base 8, what is -31 - 100?
-131
In base 15, what is 146a + 1?
146b
In base 6, what is -150 - -40?
-110
In base 5, what is 10 - 124?
-114
In base 13, what is -8 - -b?
3
In base 9, what is -2 + -21?
-23
In base 7, what is -3 - -4050?
4044
In base 3, what is 10 + 101201?
101211
In base 7, what is 1245 - -3?
1251
In base 12, what is -3 - -2?
-1
In base 4, what is -12 - 300?
-312
In base 10, what is 302 + 4?
306
In base 8, what is 0 - -6664?
6664
In base 4, what is -33 - 100002?
-100101
In base 13, what is -16 + 4?
-12
In base 10, what is -216 - 87?
-303
In base 4, what is 0 - -123?
123
In base 6, what is 3 + 152?
155
In base 7, what is 1 + -4?
-3
In base 12, what is 11 - -297?
2a8
In base 8, what is -5 - -425?
420
In base 8, what is -30 + 10?
-20
In base 2, what is -1 - 11?
-100
In base 11, what is 0 - 1?
-1
In base 12, what is -1 + -793?
-794
In base 14, what is -4 - -28?
24
In base 4, what is 1123 + 12?
1201
In base 10, what is 678 + 0?
678
In base 7, what is 6 - 65?
-56
In base 8, what is -25 - -1513?
1466
In base 5, what is 3410 + -2?
3403
In base 10, what is -41 + -15?
-56
In base 5, what is -202 - 4?
-211
In base 4, what is -11 + 1103?
1032
In base 13, what is -1 + 33?
32
In base 2, what is 111111101 + 101?
1000000010
In base 16, what is -5 + 11?
c
In base 12, what is -1 + 159?
158
In base 8, what is 3 - 62?
-57
In base 10, what is -4 - -2892?
2888
In base 13, what is -b17 - -2?
-b15
In base 12, what is 42 + -86?
-44
In base 4, what is 1 - -211321?
211322
In base 10, what is -97 - -4?
-93
In base 9, what is 5 - 1873?
-1867
In base 15, what is -23 - 10?
-33
In base 6, what is -20 - 32?
-52
In base 2, what is 100 + 1000111?
1001011
In base 7, what is 5 - 216?
-211
In base 16, what is c - -27f?
28b
In base 5, what is 4 + -310?
-301
In base 7, what is 54 + 10?
64
In base 2, what is 1010 - -10001?
11011
In base 13, what is 488 + -5?
483
In base 4, what is -11123 + 11?
-11112
In base 14, what is -2 + 12?
10
In base 12, what is -47 + 22?
-25
In base 11, what is 80 - -8?
88
In base 16, what is 37 + 5?
3c
In base 6, what is -1205 + 3?
-1202
In base 8, what is -2 - 255?
-257
In base 4, what is 213103 - 1?
213102
In base 8, what is 414 + -4?
410
In base 7, what is 2 - 1250?
-1245
In base 7, what is -3 - 432?
-435
In base 4, what is 313 - -131?
1110
In base 7, what is 4 - 15?
-11
In base 5, what is -333 + -1?
-334
In base 2, what is 11001 + -1010010?
-111001
In base 15, what is -4 - c?
-11
In base 12, what is -3217 + 5?
-3212
In base 2, what is 1001010010100 + 100?
1001010011000
In base 6, what is 3 + -331?
-324
In base 6, what is 220 - 4?
212
In base 3, what is 11 - -112?
200
In base 8, what is 1035 + 2?
1037
In base 4, what is -3 - 123?
-132
In base 13, what is -5b + -1a?
-78
In base 14, what is -48 + -3a?
-84
In base 14, what is 35 + 1?
36
In base 3, what is -10 - 2120?
-2200
In base 10, what is -401 - 6?
-407
In base 4, what is 11333 - 10?
11323
In base 8, what is -4 + -65?
-71
In base 16, what is 16 + -5?
11
In base 4, what is 3111 + 11?
3122
In base 4, what is 103 + 20?
123
In base 12, what is -a96 - 4?
-a9a
In base 9, what is -23 + 12?
-11
In base 12, what is -4b3b - -3?
-4b38
In base 16, what is -40 + -1?
-41
In base 6, what is 25 - 240?
-211
In base 5, what is -2 + -113?
-120
In base 12, what is -152 + -4?
-156
In base 9, what is 1841 + -4?
1836
In base 15, what is 292 - 0?
292
In base 10, what is 786 + 2?
788
In base 5, what is -1 - -1014?
1013
In base 2, what is 11 - 100011100?
-100011001
In base 10, what is -150 - -3?
-147
In base 7, what is -5 + 62?
54
In base 9, what is 3 + 231?
234
In base 12, what is -2 + 15b7?
15b5
In base 3, what is -2212 - 1?
-2220
In base 14, what is -24 - 26?
-4a
In base 3, what is -122 - 20202?
-21101
In base 9, what is 2434 + 0?
2434
In base 8, what is -2 - 171?
-173
In base 8, what is -2274 - 0?
-2274
In base 13, what is cc - -13?
112
In base 10, what is -239 - -18?
-221
In base 5, what is -443 + -10?
-1003
In base 7, what is 1 + 13120?
13121
In base 8, what is -2345 + 5?
-2340
In base 6, what is -3 + -2?
-5
In base 9, what is -2 - 132?
-134
In base 12, what is 56 + -22?
34
In base 11, what is -76 + 0?
-76
In base 2, what is 0 - -100011?
100011
In base 15, what is 3 - 3ee?
-3eb
In base 3, what is -10221221 + 2?
-10221212
In base 15, what is 0 - 30?
-30
In base 13, what is -129 + -9?
-135
In base 5, what is -4 - 21?
-30
In base 12, what is -1b1 + 1?
-1b0
In base 6, what is -21344 - -2?
-21342
In base 2, what is -10001 + -11011010?
-11101011
In base 3, what is 12 + -11122112?
-11122100
In base 7, what is -2 - -3625?
3623
In base 16, what is 0 - -55?
55
In base 4, what is -11 - 33221?
-33232
In base 11, what is 25 - -29?
53
In base 3, what is 1102021 - 0?
1102021
In base 5, what is -11 - -10?
-1
In base 9, what is -3 + 574?
571
In base 8, what is -2434 - -3?
-2431
In base 4, what is -3 - 132?
-201
In base 8, what is -7 + 304?
275
In base 14, what is -147 - -3?
-144
In base 2, what is 1 